8) + d/(-18)?
2
Let p be (0 + 0)/(2/1). Suppose p = -2*s + 5*h - 31, 0 = 2*s + 2*h - 6 + 2. Let b(d) = -3*d - 3. List the prime factors of b(s).
2, 3
Let x(r) = r**3 + 4*r**2 - 4*r - 3. Let z = 0 + -3. Let c = -7 - z. What are the prime factors of x(c)?
13
Suppose -19 = -d + 5*q + 27, -109 = -4*d - 5*q. What are the prime factors of d?
31
Let m be (1 + 1)*(-387)/(-18). Suppose -3*k + 4*d + 147 = 0, 3*d - 6 = -k + m. List the prime factors of k.
7
Suppose 48*x + 68 = 52*x. List the prime factors of x.
17
Let m = 29 - 6. What are the prime factors of m?
23
Let k(s) = -25*s**3 + 2*s + 1. List the prime factors of k(-1).
2, 3
Let h(n) = n**3 - 4*n**2 + 8*n - 8. List the prime factors of h(5).
3, 19
Suppose -2*s + y - 2 = 0, 2*y = 3*s - 2*y + 13. Let m be 1 - (1 - (1 + s)). Suppose 7 = d + p, m*p + 0*p = 2*d - 30. List the prime factors of d.
11
Let s(o) = o**3 + 10*o**2 - 10*o + 9. Let i be s(-11). List the prime factors of 2/(4 + i)*42.
2, 3, 7
Suppose -3*u + 5 = -1. Let x be u/(-4) + (-25)/(-10). Suppose -b + 14 = 5*o, 3*o - 1 = x. What are the prime factors of b?
3
Let b = -52 - -239. What are the prime factors of b?
11, 17
Suppose 0 = -c - 3*c. Let y = 0 - c. Suppose 2*s - 4*l = -3*s + 66, -s + 5*l + 9 = y. What are the prime factors of s?
2, 7
Let x = -12 + 14. What are the prime factors of x?
2
Let o(x) = -8*x + x**3 + 14*x**2 + 8*x + 13. List the prime factors of o(-14).
13
Let z(q) = -q**3 + 7*q**2 - 6*q + 8. Let t be z(7). What are the prime factors of 2*1*(-323)/t?
19
Suppose 3 + 1 = a. List the prime factors of (-18)/(-8)*48/a.
3
Let p be 14/49 - (-4)/(-14). What are the prime factors of (-12)/(-5)*(5 - p)?
2, 3
Let a be 1/(-1*2/(-290)). Let r = a - 80. Suppose -3*j + 16 = -4*f, -6*j - f = -j - r. List the prime factors of j.
2, 3
Suppose -l = -3*l. Let c(i) = -i**3 + 22. List the prime factors of c(l).
2, 11
Let n(l) = 5*l**2. Let h be n(-1). Suppose o + 3*p + 6 = 2*o, -h*o + 14 = p. Suppose 4*c - 18 = r, o*c - 5*r = -0*r + 5. List the prime factors of c.
5
Let g = -150 + 301. Let t be 2/8 - g/(-4). Let o = t + -27. What are the prime factors of o?
11
Suppose 8*a - 1923 + 499 = 0. List the prime factors of a.
2, 89
Suppose 3*w + 176 = 7*w. List the prime factors of w.
2, 11
Let q(m) = -m**2 + 5*m + 3. Let f be q(5). Suppose -5*n + 4 = -f*n. Suppose -3*v + 12 = -n*v. List the prime factors of v.
2, 3
Let z = 6 - 4. Suppose -z*s = -3*s - 2. What are the prime factors of 7 - (s/(-2) + -1)?
7
Let g = 5 + 4. What are the prime factors of g?
3
Let a = 6 + -3. Suppose a*b - 5*b = -2. Let o = b + 7. What are the prime factors of o?
2
Let f(u) = u + 3. Let w be f(-6). Let x = w - -7. What are the prime factors of x?
2
Let r(y) = -y - 1. Let h be r(-4). Suppose -g + 3*g + h*k = -11, 0 = -5*g - 2*k. Suppose g*i - 19 - 3 = 0. List the prime factors of i.
11
Let m(w) = 3*w**2 + 24*w - 21. List the prime factors of m(9).
2, 3, 73
Suppose -3*u - 2*u = -165. What are the prime factors of u?
3, 11
Let c be (-1404)/22 + 10/(-55). Let s = c + 89. What are the prime factors of s?
5
Let w(f) = -f**3 + 10*f**2 - 9*f + 2. Let b be w(9). Suppose b*y = -2*y + 56. List the prime factors of y.
2, 7
Suppose -k + 44 = z, 2*z + 2*z = 5*k + 212. List the prime factors of z.
2, 3
Suppose 0*d + 2*d = 8. Suppose -5 = -3*n + d. Suppose 2 - 8 = -n*l. What are the prime factors of l?
2
Suppose 0 = -7*v + 808 + 326. List the prime factors of v.
2, 3
Suppose 0 = 2*y - 3*m - m + 16, -2*m = 2*y + 4. Let q(z) = -3*z - 3. Let a be q(y). Let p = a - 7. What are the prime factors of p?
2
Suppose 9*i - 4*i = 645. Suppose -2*k = -5*k - 3, k + i = 4*s. What are the prime factors of s?
2
Let r = 7 - 2. Suppose p - 28 = -3*u, -r*p + 3 = -2*p. List the prime factors of u.
3
Let q = -2 + 18. What are the prime factors of q?
2
Suppose 0 = 3*n - 10 - 26. What are the prime factors of n?
2, 3
Let i(s) = -s**2 + 8*s - 5. Suppose 3 - 24 = 3*m. Let r(h) = -h**2 - 9*h - 7. Let o be r(m). What are the prime factors of i(o)?
2
Let d be (3/1)/(-6)*-42. Let h = 15 + d. What are the prime factors of h?
2, 3
Suppose 0 = -3*l + w + 11 + 67, 37 = l - 4*w. List the prime factors of l.
5
Let t(z) = -z**2 - 7*z + 5. Let o be t(-8). Let a(j) be the first derivative of -j**3/3 - 7*j**2/2 + j - 3. What are the prime factors of a(o)?
13
Suppose 4*r + 12 = -4. What are the prime factors of 23/r*(-5 + 1)?
23
Suppose -3*m + 4*k + 116 = 0, k = m - 42 + 5. List the prime factors of m.
2
Let t(d) = 6*d + 166. List the prime factors of t(0).
2, 83
Suppose 0 = -3*f + 5*f - 6. Suppose 12 = 6*s - 6. Suppose 9 = s*t - f. What are the prime factors of t?
2
Let c(n) be the third derivative of n**4/8 - n**3 + 2*n**2. Let m be c(4). Let a = 14 - m. What are the prime factors of a?
2
Suppose 30 = 5*w - 120. Suppose 0*c - 5*c = w. List the prime factors of (14/4)/((-3)/c).
7
Let j = 13 - 8. Let o be j/((3 + 0)/3). Suppose -o*v + 13 + 40 = 2*m, -2*v - 4*m + 34 = 0. List the prime factors of v.
3
Let p(w) = 15*w + 13. Let d(r) = -7*r - 7. Let s = -34 + 23. Let i(q) = s*d(q) - 6*p(q). List the prime factors of i(-1).
2, 3
Let j(w) = 98*w**3 - 3*w**2 + 2*w. What are the prime factors of j(1)?
97
Let p = 2 - 0. Suppose p*g - 3*f = -23, -4*g + 2*f - 58 = -0*g. What are the prime factors of (-61)/(-4) + 4/g?
3, 5
Let m(g) be the second derivative of -7*g**5/10 - g**4/12 - g**3/6 - g**2/2 - 6*g. List the prime factors of m(-1).
13
Suppose -3*i - 3*r + 56 + 7 = 0, 0 = 5*i - r - 135. What are the prime factors of i?
2, 13
Let i = -42 + 44. Let o = -8 + 19. Suppose -2*a - x = -o, -3*x - i*x = -5*a + 20. What are the prime factors of a?
5
Let p(w) = -3*w + 1. Let d be p(6). Let b = -9 - d. List the prime factors of b.
2
Let h(o) = -3*o + 3*o**2 + 2*o**2 + 1 + 5*o**3 - 4*o**3. Let q be h(-5). Let k = -10 + q. List the prime factors of k.
2, 3
Let x = 1 - -1. Let t(i) = 1 - 3*i - 4 + x. List the prime factors of t(-4).
11
Let g(z) = z**3 + z**2 + 31. Let l be 4/((-6)/3) - -2. What are the prime factors of g(l)?
31
Suppose 4 = 2*a, -4*n + 328 = 2*a - 0*a. What are the prime factors of n?
3
Suppose -104 + 37 = -n. Let f = n + -48. List the prime factors of f.
19
Let b(s) = s**3 - 5*s**2 - 5*s + 8. Let f be b(6). Let g be 24/14 - (-4)/f. What are the prime factors of (28/8)/(g/4)?
7
Suppose -190 = -2*q - 2*j + 6*j, q - 4*j - 85 = 0. What are the prime factors of q?
3, 5, 7
Let w = 5 + -3. Suppose -3*o + 48 = -5*v, -5*v - 69 = -w*o - 2*o. What are the prime factors of 141/o - (-2)/7?
7
Let s = -24 + 40. Suppose 2*r - 4 = -2*h, -2*r + 3*r = 5*h - s. Suppose h*j = -2*j + 10. List the prime factors of j.
2
Let m = 1 + 1. Let f be (m - 1)*(0 + 36). Suppose -4*i = -7*q + 4*q + f, 4*q - 2*i = 48. What are the prime factors of q?
2, 3
Let m(x) = x**2 + 7*x. Let h be m(-6). Let k(v) = v**2 + 3*v - 3. What are the prime factors of k(h)?
3, 5
Suppose h - 54 = -2*h. Let t = -6 + h. List the prime factors of t.
2, 3
Suppose -4*q - 9 = -33. Suppose q = -u + 23. List the prime factors of u.
17
List the prime factors of 3/(-1) - (-71 + -10 + 6).
2, 3
Let b(j) = -4*j + 6. Let t(f) = -13*f + 17. Let a(k) = 7*b(k) - 2*t(k). Let q be a(6). What are the prime factors of (1/3)/(q/(-24))?
2
Let d(r) = r**2 + r + 15. Let n = 15 - 15. What are the prime factors of d(n)?
3, 5
Suppose 2*u + 5*z = 41, -3*u - 75 = -6*u - 3*z. What are the prime factors of u/5 - 2/(-5)?
2, 3
Suppose 99 = -13*f + 16*f. What are the prime factors of f?
3, 11
Let h(o) = 6*o - 38. What are the prime factors of h(10)?
2, 11
Let a = 406 - 218. What are the prime factors of a?
2, 47
Let q(v) = v + 16. Let s be q(0). What are the prime factors of (92/s)/(1/4)?
23
List the prime factors of (2*172/8)/1.
43
Let j(t) = -6*t + 8. Let d be j(-5). Suppose d = 3*y - 4. List the prime factors of y.
2, 7
Let h = -46 - -79. List the prime factors of h.
3, 11
Let d(k) = 2*k**3 - 2*k**2 + 1. Let v(z) = 2*z**3 - z**2 - z + 1. Let b be v(1). Let f be d(b). Let m = 7 - f. What are the prime factors of m?
2, 3
Suppose 0*o = -3*o, 0 = 4*a + 2*o - 128. Let f = -23 + a. What are the prime factors of f?
3
Suppose 2*z + 4 - 8 = 0. Let q = z + 0. What are the prime factors of q?
2
Suppose 0 = 4*l + 20, 5*n - 4*l - 22 = 13. Suppose x + 17 = -0*z + z, n*z = 5*x + 51. What are the prime factors of z?
17
Suppose 3*g 